3 + s**q. Determine o(-1).
-3
Let w(q) = 5*q**2 - 8. Let n(t) = -t + 1. Let g be n(4). Let d(i) = -4*i**2 + 7. Let j(h) = g*w(h) - 4*d(h). Give j(-3).
5
Let d = -14 + 10. Let z(u) = u**2 - u - 2. Let f(p) = p + 1. Let q(w) = d*f(w) - z(w). What is q(-4)?
-6
Let y = 11 + -6. Let p(j) = -2*j**2 - y*j**3 + 4*j**3 - 1 - j**3. Suppose -2*n + 2*s - 4 = s, 0 = -s. Give p(n).
7
Suppose 12 = -2*f - 2*k, 3*k = -4 - 5. Let s(i) = -i**2 - 2 + 3*i - 13*i**3 + 14*i**3 + i**2 + 5*i**2. Determine s(f).
7
Suppose -5 = -2*t + 1. Suppose 0 = 5*q + t*m + 134, 4*m = -0*q - q - 37. Let z be 2/5 - 115/q. Let g(p) = -p + 5. Give g(z).
0
Let x(l) = -l + 6. Let a = -24 - -21. Let r = 3 + a. Calculate x(r).
6
Let d(n) = -2*n**3 + 3*n**2 - 4*n + 2. Suppose -9*x + 25 = 7. Calculate d(x).
-10
Let x(w) be the first derivative of -w**3 - w**2 - w + 1. Let c = -6 + 4. Let y be -1*1*(c + 3). Calculate x(y).
-2
Let t(z) = -z**2 - 5*z - 2. Suppose -5*j - 60 = 3*d - 2*d, -2*j - 2*d - 24 = 0. Let i = 7 + j. Determine t(i).
-2
Suppose -4*n - 3*o - 15 = -7*n, 0 = -2*o - 8. Let c(w) = 2*w - 1. What is c(n)?
1
Let w(l) = -l**2 - 3*l + 6. Let b = -8 + 9. Suppose 0 = c - d - b, 4*c + 3*d - d + 2 = 0. Suppose 0*j - 3*j - 15 = c. Give w(j).
-4
Let d(v) = v**3 - 3*v**2 - 2*v. Let a = -5 + 8. Calculate d(a).
-6
Let a(q) = 11*q**2 - 14*q + 1. Let c(z) = 22*z**2 - 26*z + 2. Let v(w) = 11*a(w) - 6*c(w). What is v(1)?
-10
Let m(f) be the second derivative of -f**5/20 + 5*f**4/12 - 2*f**3/3 - 2*f**2 - 52*f. Let j(k) = k + 5. Let c be j(-3). Suppose 0 = c*s - 6 - 2. What is m(s)?
-4
Let q(f) be the third derivative of -f**4/24 - 2*f**3/3 - 6*f**2. Determine q(0).
-4
Let r(p) = -p**3 - 6*p**2 - 5*p - 6. Let y be r(-5). Let b(j) = 2*j + 8. Determine b(y).
-4
Let c(b) = -b - b**3 + b + 3*b**2 + 3*b - 6. Let l be 0/(1*(-3 - -1)). Suppose -20 + l = -5*y. Determine c(y).
-10
Let l(y) = y. Let v be 4/14 + (-92)/28. Let h be (1 - (-2)/(-2)) + v. Let o(m) = 7*m - 1. Let g(r) = h*l(r) + o(r). Give g(-2).
-9
Suppose 1 = -5*n + 16. Let l(d) be the first derivative of 3/2*d**2 - 1/4*d**4 + d + 2/3*d**3 + 1. Give l(n).
1
Let j be -1 + 0 + (-6)/(-2). Let y(n) be the second derivative of -1/6*n**3 + n + 0 - n**j. Determine y(-5).
3
Suppose y = 3 - 1. Let z(g) = g - 2. Let r(o) = o - 1. Let w(v) = -10*r(v) + 4*z(v). What is w(y)?
-10
Let t be ((-6)/4)/((-1)/4). Let a(i) = 4*i - 6. Let o(c) = -c. Let g(u) = a(u) + 3*o(u). Calculate g(t).
0
Let j(x) = -3*x**3 - 4*x**2 - 5*x - 3. Let i = -21 + 19. Let h(q) = -4*q**3 - 3*q**2 - 4*q - 3. Let w(c) = i*h(c) + 3*j(c). Calculate w(-5).
7
Suppose -3*q + 4 = y + 3*y, 3*y = -15. Suppose 3*r = 5*r - q. Let v(g) = g**2 - 4*g + 2. What is v(r)?
2
Let n be (-4)/(-10) + (-8)/(-5). Let a(g) = -6*g**2 + 4 - g**3 + 2*g + n*g**2 + 1. Let x(l) = -l**2 - 10*l + 20. Let b be x(-12). What is a(b)?
-3
Let q be 152/(-36) + 6/27. Let l(z) = -2*z - 6. Give l(q).
2
Let p(u) = 2*u - 13. Let a be p(6). Let o(t) = -t**2 - t - 1. Determine o(a).
-1
Let c(w) = w + 1. Suppose -5*l + 168 = 33. Let z = -13 + l. Let g be (-26)/(-7) + z/49. Calculate c(g).
5
Let t(f) be the third derivative of f**5/60 + f**4/4 - 2*f**3/3 + 3*f**2 - 10*f. Give t(-6).
-4
Suppose 0 = -4*o + 37 + 43. Suppose o = -4*i - 0*i. Let f(r) be the third derivative of r**6/120 + r**5/15 - r**4/6 + r**3/3 + 6*r**2. Calculate f(i).
-3
Suppose 26 = t - 3*t - 3*r, -3*t - 37 = 4*r. Let b(f) = -f - 15. What is b(t)?
-8
Let x(w) = -5*w + 1. Let m be (5 + (-8)/2)/(-1). Determine x(m).
6
Let g(t) = 5*t + 2. Let f be g(-2). Let p(z) = z**2 - 11*z - 8. Let b be p(11). Let o be (-2)/f - (-26)/b. Let h(a) = -a**3 - 2*a**2 + 4*a. Determine h(o).
-3
Suppose v - 25 = 6*v, -v = -5*i + 50. Suppose -i*m = -6*m + 9. Let a(o) = 4*o - 2. Give a(m).
-14
Let j(h) = -2*h**3 - 2*h**2 + h. Let t be j(-2). Let z be (t/(-15))/(2/(-30)). Let d = 7 - z. Let m(g) = -6*g**3 + g**2 - g + 1. Determine m(d).
-5
Let n = -5 + 18. Suppose 5*p = -4*g + n, p + 2*g - 7 = -g. Let a(k) = k**3 + k - 1. What is a(p)?
1
Suppose l + 2 = 1. Let o = l - -3. Let y(z) = z + 0*z - o*z**2 + 2*z - 1. Determine y(2).
-3
Let f(r) be the second derivative of -r**4/12 - r**3 + 12*r. Calculate f(-6).
0
Let z = 0 + -1. Let a be 1 + 0 - (z - -1). Let u(n) = 5*n. Calculate u(a).
5
Let u = 3 - -3. Let g(x) be the third derivative of -x**6/120 + x**5/10 + x**4/24 + x**3/6 + x**2 + 50. What is g(u)?
7
Let h be (-6)/(-9)*(-15)/(-2). Let i(p) = 1 + 0 - 3*p**2 + h*p + 3*p**2 - p**2. Calculate i(4).
5
Let k(u) = 4*u + 0 - 6*u**2 - 3 + 2*u**2 - u**3. Let v(c) = c**2 + 7*c. Let b be v(-10). Suppose -5*d = 7*z - 3*z + b, -5*z - 23 = -d. What is k(z)?
2
Suppose 24 = 3*z - m, 0 = -z + m + m + 8. Let a(p) = p**3 - p**2 + 11*p - 7 + 7*p**2 - z*p. Give a(-5).
3
Let c(o) = o - 2. Let y be c(4). Let b(r) = -r**2 + 3*r - 4. Let l be b(y). Let g(a) = -a**3 - 2*a**2 + 1. Determine g(l).
1
Let f(l) = l**3 + 7*l**2 + 4*l - 3. Suppose 3*d = -22 + 4. Calculate f(d).
9
Let b(a) = -a**2 + 5*a - 4. Let c(r) = 4*r - 13. Let g be c(4). Suppose g*p + 0 = 9. What is b(p)?
2
Suppose 3*j - 2 = -4*v, -5*j + 9 + 1 = 0. Let n be (-4)/(-2) + -2 - v. Let i(t) = -t**3 + t**2. Give i(n).
0
Let d = -2 - -7. Let v(o) be the second derivative of o**5/20 - 5*o**4/12 - o**3/2 + 3*o**2 + o. What is v(d)?
-9
Let f(c) = c**3 + 6*c**2 + 3*c - 3. Let z = -11 + 18. Let n(p) = -p**2 + 4*p + 16. Let h be n(z). What is f(h)?
7
Suppose 4 = 4*s - 12, -3*w - 7 = -4*s. Suppose 6 = 2*y, -y - w - 2 = 2*n. Let b(d) = d**3 + 5*d**2 + 5*d - 3. Calculate b(n).
-7
Let n be -2 - 4/((-8)/6). Let y be 5 + (0 - n)*2. Let i(p) = 4 - 5 - 2*p + p. Determine i(y).
-4
Let a be 126/56*16/(-3). Let i be 0 + 3 - a/(-2). Let f(c) be the second derivative of c**3/2 + c**2 - c. Give f(i).
-7
Let y(j) be the first derivative of -j**2/2 - 3*j + 28. Determine y(-3).
0
Let p be (-1)/(((-8)/(-100))/((-3)/15)). Let m(i) be the first derivative of -3*i + p*i**2 - 3. Determine m(2).
7
Let x(q) = 5*q**2 + 6. Let k(m) = 14*m**2 + 17. Let h(n) = 6*k(n) - 17*x(n). Let v(i) = -7 + 8 + 8*i**2 - i**3 - 8*i + 4. Let c be v(7). What is h(c)?
-4
Let p = -8 - -12. Suppose -5*s = -0*s - 3*o - 16, -o - p = -s. Let t(y) be the first derivative of -4*y**3/3 + 3*y**2/2 - y + 1. Calculate t(s).
-11
Let l(c) be the second derivative of -c**3/6 + c**2 - 3*c. Suppose -3*w = -2*w - 4. Give l(w).
-2
Let c(y) = 0*y**2 + 0*y**2 - 4*y**2 + 3*y + 2*y**2. Let m be c(4). Let n be 88/m + 2/5. Let w(t) = -t**3 - 5*t**2 - 4*t + 1. Give w(n).
1
Let u = 15 + -6. Let f(a) = -a + 9. Let x be f(u). Let b(m) = -m**2 - m + m**2 + m**2. Give b(x).
0
Suppose -3*t - 2*d - 10 = 0, 2*d + 2*d + 20 = -t. Suppose -o + 2 = -t*o. Let z(u) = u**2 + u - 2. Give z(o).
4
Let z(b) = -b**2 + 4*b - 3. Suppose 5 = 5*d - v + 10, 5*v = 5*d + 25. Suppose d = 2*p - 5 - 5. Determine z(p).
-8
Let c(y) = y**3 + y**2 + y - 3. Let s(v) = 1. Let a(u) = u**2 - 4*u + 7. Let g(f) = a(f) - 4*s(f). Let q = 59 - 56. Let o be g(q). Calculate c(o).
-3
Let q(y) = y - 1. Let a be q(3). Let o(h) = 3*h**2 - h + 1. Let p(b) = -13*b**2 + 4*b - 5. Let v(u) = 9*o(u) + 2*p(u). Give v(a).
1
Let v(d) = -9*d**2 + d + 1 + 18*d**2 - 10*d**2. Determine v(1).
1
Suppose 0 = -0*c + 4*c - 8. Let s(a) = a - 2*a + a + a**c + 3*a + 1. What is s(-3)?
1
Let g(u) be the third derivative of u**6/120 - u**5/12 + 5*u**4/24 - 2*u**3/3 - 2*u**2. Let j be g(4). Let q(d) = -d + 1 - 6 + j*d. What is q(-5)?
0
Let a(n) = 15*n + n**2 - 1 - 15*n. What is a(3)?
8
Let j(k) = -5*k**3 + 6*k**2 + 6*k + 8. Let y(u) = -4*u**3 + 6*u**2 + 6*u + 7. Let o(d) = 5*j(d) - 6*y(d). Suppose t = 5*g + 20, g - 4*t = -3*g. Calculate o(g).
3
Let m(i) = -4*i**2 + 5*i + 4*i**2 + 2*i**2 - 3*i**2 - 2. What is m(3)?
4
Let r = -27 - -33. Let j(q) = -q**3 + 5*q**2 + 6*q + 1. Determine j(r).
1
Let f(q) = -q**3 + 6*q**2 - q + 5. Let w(i) = i**3 + i**2 - i + 4. Let r be w(0). Let a = r + 2. Determine f(a).
-1
Let j(r) = r**2 - 2*r + 4. Let v be (-1 + -2)/((-12)/16). Give j(v).
12
Let t(s) be the third derivative of -s**5/120 - s**4/6 + s**3/3 + s**2. Let g(x) be the first derivative of t(x). Let v be g(0). Let d(w) = w. Calculate d(v).
-4
Let u(w) = -w - 7. Let n be u(-6). Suppose 2*l + a + 3*a + 24 = 0, 4*l + 3 = a. Let j = l + n. Let q(z) = z. Calculate q(j).
-3
Suppose -5*s = -1 - 4. Let x be s - -1 - (-3)/3. L